5*p**2 + p + 4. Let a(g) = -4*c(g) + 5*l(g). Calculate a(-6).
-1
Let u be (-12)/10*5/(-2). Let g(c) be the second derivative of -c**5/20 + c**4/6 + 2*c**3/3 - 2*c**2 - 26*c. Determine g(u).
-1
Let h = 41 - 34. Let j(c) = -c**3 + 8*c**2 - 7*c + 10. Calculate j(h).
10
Let l(s) = s - 8. Let p be l(10). Let k(t) be the first derivative of p*t + 1 + 1/4*t**4 + 1/2*t**2 + 4/3*t**3. Determine k(-3).
8
Let x(v) = -2*v. Suppose 0 = 2*t - j - 24, 4*t - 2 = -j + 46. Suppose 0*o = 3*o - t. Suppose -4*d - 4 = o. Calculate x(d).
4
Suppose 2*c = -4*i + 6, 4*i - 6 = i - 3*c. Let q(r) = 8*r + 1. What is q(i)?
9
Let z(s) = s + 2. Let t(m) = 1. Let g(j) = 4*t(j) - z(j). Let l = -47 - -51. Calculate g(l).
-2
Let m(q) = q - 1. Let t be m(4). Let v = -6 + 10. Let b(g) = -g + g + 2*g + v - 3*g. What is b(t)?
1
Let s(b) = 69*b - b**2 + 5*b**2 - 69*b. Calculate s(2).
16
Let p(w) = -w**3 + 6*w**2 - 7*w + 6. Suppose 3*n + 8 = 5*r, -2*n - 28 = -3*r - 6*n. Give p(r).
10
Let g(w) be the third derivative of -w**4/12 - w**3/6 - 4*w**2. Give g(-5).
9
Let i(a) = a**3 - a. Let d(s) = 6*s**3 - 7*s**2 + 3*s - 5. Let j(o) = d(o) - 5*i(o). Let r be (-8)/(-36) + 208/36. What is j(r)?
7
Let b(p) = 2*p + p + p - 2*p - 7. Let s = 1 - -5. Calculate b(s).
5
Let q(d) be the third derivative of 7*d**4/24 - d**3/3 - 7*d**2. Calculate q(-2).
-16
Suppose 2*w - 8 = 2*n, -w - 3*w - 5 = 3*n. Let i(l) = 2*l**2. What is i(w)?
2
Let d(p) = 3*p**2 - 3*p + 2. Let w(j) = 2*j - 4. Let s(q) = q**3 - 5*q**2 - 5*q - 2. Let i be s(6). Suppose -i*x + 3*x = -3. Let n be w(x). Determine d(n).
8
Let d(g) = 3*g**2 - 8*g**3 - 7*g**3 - 3 + 14*g**3. Give d(3).
-3
Let s = 15 - 26. Let o = s + 10. Let k(m) = m - 1. What is k(o)?
-2
Let y(l) = 3*l + 1. Let m be (4 + 0)/(-1 - -2). Let o = m + 1. Suppose 5*x + 0*x = -o*i - 30, -21 = i + 4*x. Give y(i).
-2
Let k(c) be the third derivative of c**6/120 - c**5/10 - c**4/3 + 7*c**3/6 - 3*c**2. Let x be k(7). Let d(h) = h**3 + h**2 + h - 4. Give d(x).
-4
Suppose 5*d + 4*n - 17 = 0, -3 = 5*d - 2*d - 2*n. Let q(u) = -4*u + 1. What is q(d)?
-3
Let q(m) = 3*m - 8. Let i(v) = 0*v - v + 0 + 0*v + 3. Let l(c) = -8*c - 5. Let j be l(-2). Let f(o) = j*i(o) + 4*q(o). Determine f(-1).
0
Let q(m) = m**2 + 4*m - 8. Let k(n) = -n**3 + 8*n**2 - 8*n + 1. Let f be k(7). Give q(f).
4
Suppose -5*m = -5*c - 35, -6*c - m = -2*c + 23. Let q(z) = z**2 + 5*z - 7. Determine q(c).
-1
Let o(y) = -2*y**2 - y + 1. Let x(g) = 0 - 1 + g**2 + g**3 + g - 2*g**2. Let z be x(1). Let v = 1 - z. Calculate o(v).
-2
Let s(z) = -z**3 - 3*z**2 - 4*z - 2. Let o(x) = -4*x**2 - x. Let a = 6 + -7. Let n be o(a). What is s(n)?
10
Let n(b) = 2*b - 5. Let j = -61 + 66. Give n(j).
5
Let h(d) = 5*d**3 + 19*d**2 + 9*d - 5. Let l(w) = 2*w**3 + 9*w**2 + 4*w - 3. Let n(r) = -3*h(r) + 7*l(r). Give n(6).
0
Let i(p) be the third derivative of p**5/60 - 5*p**4/24 + p**3 - 3*p**2. Let j(s) = 2*s**2 - 10*s + 11. Let y(u) = 5*i(u) - 3*j(u). What is y(6)?
-9
Let u be (-4)/(-16) + (-35)/(-4). Let o = -11 + u. Let h(d) = -2*d**2 - 3*d - 3. Give h(o).
-5
Let l(m) = -m**3 + m**2 + 2*m. Let p be l(2). Let a(t) be the second derivative of 2*t + 1/6*t**3 + 5*t**2 + p. Determine a(0).
10
Let q(b) = b. Suppose -r - 19 = -5*m, -2*m + 5*r = -0*m - 3. Let o be q(m). Let w(i) = -o - i**2 + 3*i - i**3 + 2*i**2 - 2*i. Give w(0).
-4
Let y(j) = -j**3 - 6*j**2 - j - 8. Let o(x) = -x + 6. Suppose -7 = -l - 1. Let a be o(l). Let n(h) = h**2 - 6. Let u be n(a). Give y(u).
-2
Let q = -6 - -3. Let w(l) be the second derivative of l**5/20 + l**4/4 + 2*l**3/3 + 2*l**2 - 163*l. What is w(q)?
-8
Let g(r) = 5*r - 345 + 343 + 0*r. Calculate g(-5).
-27
Let x(r) = 3*r + 4. Let c(m) = -m**3 - 4*m**2 + 7*m + 7. Let p be c(-5). Give x(p).
-5
Suppose -4*z - 9 = 3*r - 33, -4*r + 2*z + 10 = 0. Let l = 5 + -3. Let q(j) = -j**l + 1 - 1 + 6*j + 1. Give q(r).
9
Let q(w) = -5*w**3 - 3*w**2 - 13*w - 6. Let p(z) = -6*z**3 - 2*z**2 - 14*z - 6. Let a(r) = 4*p(r) - 5*q(r). Calculate a(-6).
-12
Let m(p) = 8*p**2 + p + 1. Let z be 9/(-54) - (-38)/12. Let t = -4 + z. Calculate m(t).
8
Let s(a) be the first derivative of a**4/24 - 3*a**3/2 + a**2/2 - 3. Let r(c) be the second derivative of s(c). Determine r(0).
-9
Let z(m) be the second derivative of -m**3/6 - m**2/2 + m. Let h(u) = -2*u - 3. Let a(k) = 6*h(k) - 15*z(k). What is a(3)?
6
Suppose -5*l - o = -8 - 8, 3*l = -2*o + 4. Let j(f) = -f**2 + 4*f + 5. What is j(l)?
5
Let m(u) = -u**2 - 8*u + 5. Let a be 16/40 - (-42)/(-5). Calculate m(a).
5
Let s = -2 - -4. Let q(b) = 3*b + 0*b - b**3 + 2*b + 3*b**s - 6. Suppose -12 = -4*z + z. What is q(z)?
-2
Let p(k) be the second derivative of -1/2*k**2 + 1/2*k**4 + 0 - 7/6*k**3 - k + 1/20*k**5. Calculate p(-7).
-1
Let i(n) = -n - 1. Suppose 0*v - 3*v = -4*q - 1, 2*q = -5*v + 19. Let r(a) = a**3 - 4*a**2 + 3*a + 4. Let g be r(v). Let c be (5/g)/((-1)/4). Give i(c).
4
Let m(k) = -1 - 30*k - 33*k + 67*k. Determine m(1).
3
Let t(u) be the third derivative of u**6/15 - u**5/60 - u**4/24 + u**3/6 + 48*u**2. Let n(s) = s**3 - 4*s**2 + 1. Let w be n(4). Give t(w).
7
Let c(z) be the third derivative of -z**8/6720 + z**7/840 + z**5/40 + z**4/8 + 2*z**2. Let o(g) be the second derivative of c(g). Determine o(3).
3
Let n(k) = -9*k**2 + k. Let j be 2 + -4 + 0 - -5. Suppose j*u + 1 = 4*u. Determine n(u).
-8
Let w(u) = u**3 + 4*u**2 - 7*u - 3. Let o(t) = -4*t + 23. Let z be o(7). Calculate w(z).
7
Let i be (18/(-12))/(1/(-4)*-2). Let s(x) = -3*x. Let q(k) = k - 1. Let m = 2 + -3. Let l(h) = m*s(h) - 4*q(h). What is l(i)?
7
Let k = 4 + -2. Let j(s) = -4*s + 2*s - k*s - 1. Suppose 0 = 5*g - 3*t + t, 0 = -3*g - t - 11. Determine j(g).
7
Let c(s) be the third derivative of -1/8*s**4 + 1/60*s**5 + 0*s - 3*s**2 + 0 + 0*s**3. Determine c(3).
0
Let v(u) = 5*u - 2. Let b be 7/1*38/133. Calculate v(b).
8
Let o(i) = -4 + 5 + 0 + 1 - i. Calculate o(-4).
6
Let g(u) = -2*u + 4. Let d(t) = -2*t - 2. Let y = 9 + -3. Suppose 2*k = -0 - y. Let m be d(k). What is g(m)?
-4
Let j(k) be the second derivative of -k**3/3 - 2*k**2 + 3*k. Let m = 23 - 20. What is j(m)?
-10
Let l(m) = m + 2. Let v = -99 - -95. Give l(v).
-2
Let z(b) be the second derivative of b**4/12 - b**3 - b**2/2 - 2*b. Let u(w) = -w + 5. Let s be u(0). Calculate z(s).
-6
Let x = 1 + -1. Let z(s) = -s**2 - 2 + 2*s + 3 + x*s**2. Suppose 4*j + 1 = 5, -5*j = -4*r + 11. Give z(r).
-7
Let k(b) = 28*b. Let i(d) = 4*d. Let u(t) = 20*i(t) - 3*k(t). Let m = 11 + -14. What is u(m)?
12
Let x(k) be the third derivative of 3/8*k**4 + 2*k**2 - 1/60*k**5 + 0*k + 0 - 3/2*k**3. What is x(6)?
9
Let u(v) be the first derivative of v**4/4 + 2*v**3/3 - v**2 + 4*v - 8. Determine u(-3).
1
Let o(d) = 0 - 3 - d + 0. Let j(z) = z**3 - z**2 - 6*z + 5. Let r be j(3). Let s(b) = b**2 - 5*b - 5. Let w be s(r). What is o(w)?
2
Let g(f) be the third derivative of -f**4/6 - f**3/6 + 13*f**2 + 1. What is g(-1)?
3
Let o(z) = 7*z - 25*z**3 + 24*z**3 - 2*z**2 - 2*z**2 + 5. What is o(-5)?
-5
Let j(y) be the third derivative of -y**6/60 - y**5/20 - y**4/6 - y**3/2 + 8*y**2. Determine j(-2).
9
Let h(d) = 2*d - 2. Let i be h(5). Suppose -v + i = 3*v. Suppose b + 2*s = 1, v + 2 = 4*s. Let x(u) = -5*u**3 - u**2 + 1. Determine x(b).
5
Let i = -6 + 5. Let q(h) = -h**3 - h**2 - 1. Let b(o) = o + 2. Let s be b(-4). Let v(d) = d**3 - 3*d**2 - 2. Let y(a) = s*q(a) + v(a). Determine y(i).
-4
Let a(v) be the first derivative of v**5/60 - v**4/6 - 3*v**2/2 + 4. Let w(j) be the second derivative of a(j). What is w(4)?
0
Let w(i) = -i**3 - 4*i**2 - 4*i - 2. Suppose 2*x - 11 = 5. Let g be (2 + 0)/(x/124). Suppose 0 = 5*a - 4*s + g, 5*s = -3*a + 2*s + 3. Calculate w(a).
1
Let r(p) be the second derivative of -p**4/12 - 2*p**3/3 + 2*p**2 + p. Suppose 5*b + 6 = -24. Determine r(b).
-8
Let j(h) = h + 11. Suppose 0*t - 3*t = -6, -4*z + 2*t = -56. Let f = 10 - z. What is j(f)?
6
Let y(d) be the first derivative of -d**2/2 - 9*d + 20. Calculate y(-8).
-1
Let h(j) = -j**2 - 7. Let t be -2 - (-2 - (-20)/8)*-4. What is h(t)?
-7
Suppose -68*o + 70*o + 14 = 0. Let v(p) = -p + 1. Determine v(o).
8
Let b(l) = -l**2 - 16*l + 1. Let x(n) = -3*n**2 - 46*n + 3. Let f(y) = 8*b(y) - 3*x(y). What is f(-10)?
-1
Let n(p) = p**2 + 4*p + 5. Let k be n(-4). Let t(o) = -2*o + 1. Let s be t(-1). Let x(f) = -k*f - f**3 + 5 + 6*f + s*f**2 - 